-2)/3. Suppose -i*c - 25 + 649 = 0. List the prime factors of c.
2, 13
Let b(j) = 43*j**3 - 19*j**2 - 5*j + 7. List the prime factors of b(3).
2, 491
Let p = -1 - -6. Suppose 5*b = -r + 56, p*r = -3*b + r + 20. List the prime factors of (8/b)/((-1)/(-39)).
2, 13
Let h be -3*(7 - 2)/(5/(-5)). Let y = h + 32. What are the prime factors of y?
47
Let s(m) = 16*m + 73. What are the prime factors of s(34)?
617
Let n(z) be the first derivative of -z**4/4 + 2*z**3/3 + 5*z**2/2 - 2*z + 15. List the prime factors of n(3).
2
Suppose 4354 = -2277*a + 2279*a. List the prime factors of a.
7, 311
Let a = 30 - 23. Let l(n) = n**2 - 6*n - 11. Let x be l(a). What are the prime factors of (-98)/x + (-2)/4?
2, 3
Suppose 6*j - 34 = -4. Suppose j*i = 7*i - 148. List the prime factors of i.
2, 37
Let q be 3/((4/(-40))/(32/(-15))). Suppose -70 = -65*v + q*v. List the prime factors of v.
2, 5, 7
Let x be (-2 + 15)/(1/(-5)). Let j be 1/2*(1 - x). Let s = 77 - j. What are the prime factors of s?
2, 11
List the prime factors of (3/(-12))/(15/(-13620)).
227
Let r = -148 - -104. Let f be r/(-7) - (-14)/(-49). Suppose -c + f = 3. What are the prime factors of c?
3
Let c = -93 - -380. What are the prime factors of c?
7, 41
Suppose -5*c + 15368 = -d, d - 2070 - 1000 = -c. What are the prime factors of c?
7, 439
Let j be (-15)/(-12)*(-12)/3. Let l(h) = h**2. Let m(r) = 3*r**2 + r + 6. Let b(a) = 5*l(a) - m(a). List the prime factors of b(j).
7
Suppose 112*y = 90*y + 105952. What are the prime factors of y?
2, 7, 43
Let r(o) = 4*o - 5*o**2 - o**3 + 1 + 3*o**2 + 3*o + o**2. What are the prime factors of r(-5)?
2, 3, 11
Suppose -4*l + 18205 = -p, -10*p + 9*p = 10*l - 45495. What are the prime factors of l?
2, 5, 7, 13
Let k(c) be the third derivative of 1/3*c**4 + 0 + 4*c**2 - 1/2*c**3 + 0*c. What are the prime factors of k(4)?
29
Let v(q) = 23*q**2 + 28*q + 5. Let i be v(-9). Suppose -m + 9*m = i. List the prime factors of m.
2, 101
Let j = 17 - -50. Suppose -5*g = -2*b + 59, 4*g + 0*b = -5*b - j. Let k = 36 + g. List the prime factors of k.
23
Suppose -2*k + 412 = -2468. What are the prime factors of k?
2, 3, 5
Let v be (0/((-4)/(-2)))/1. Let o(g) = -g + 5. Let i be o(v). List the prime factors of ((-2)/6)/(i/(-390)).
2, 13
Let f(w) = 14*w**2 + 14*w - 178. List the prime factors of f(-20).
2, 3, 857
Suppose 0 = 3*p - 9, -v + 7*p - 9*p + 605 = 0. List the prime factors of v.
599
Let o = -198 + 670. What are the prime factors of o?
2, 59
Let b(x) = 4*x**2. Let z be b(1). Let s = -31 + 43. Suppose z*i + 3*c - 8 = 64, -3*c = s. What are the prime factors of i?
3, 7
Let p = 1759 + -664. List the prime factors of p.
3, 5, 73
Let g(k) = -5*k + 5. Let c be (85/68)/((-1)/28). Let x = -44 - c. What are the prime factors of g(x)?
2, 5
Suppose 4*h = f + 6*h - 14, 0 = -3*f + 3*h - 3. List the prime factors of ((-45)/4)/((-1)/f).
3, 5
Suppose 80 = 5*a - a. Suppose -2*f + 2 = a. Let d = f - -26. List the prime factors of d.
17
Let s(l) = 6*l**2 + 2*l - 84. List the prime factors of s(10).
2, 67
Let z(t) = -2*t + 25. Let p be 0 - (0/2 + 6). What are the prime factors of z(p)?
37
Suppose 3*a - 424 = -r, 3*a - 7*r = -2*r + 454. Let p = 329 - a. List the prime factors of p.
2, 3, 31
Let m(z) = -22*z + 50. List the prime factors of m(-18).
2, 223
Let g = 4044 + -1673. List the prime factors of g.
2371
Let s(o) = o + 15. Let l be s(0). Let m(z) = -z - l*z + 1 + 0. List the prime factors of m(-1).
17
Let n(y) = 2*y**2 + 37*y - 20. Let x be n(-19). Let a(q) = -q**3 - 3*q**2 + 4*q + 1. Let j be a(-4). What are the prime factors of 58 - x/j*1?
59
Let b(l) = 6*l**2 + 2*l - 2*l - 2*l + 2 - l. Let u be b(2). Let k = 7 + u. List the prime factors of k.
3
Suppose -7*u + 586 = -5*u. List the prime factors of u.
293
Let d be ((-159)/(-2))/((-6)/(-8)). Suppose -d - 44 = 3*w. Let z = -11 - w. List the prime factors of z.
3, 13
Suppose 5*t = -2*g + 25, 5*g - 6 = t + 16. Suppose a - 4*d = -t*a + 104, -138 = -5*a + d. List the prime factors of a.
2, 7
Let v(h) = -h + 3. Let a be v(-9). Suppose -a*l - 833 = -19*l. What are the prime factors of l?
7, 17
Let l(b) = 882*b + 12. List the prime factors of l(3).
2, 3, 443
Let m(i) = i**3 - 9*i**2 + 6*i. Let j = 7 - -2. What are the prime factors of m(j)?
2, 3
Let b = -11 - -2. Let h(q) = -q - 11. Let c be h(b). What are the prime factors of (-4 + c)*48/(-9)?
2
Suppose -2*c = 2*c - 16. Let w be 8/(-16) - 22/c. Let o = w + 20. What are the prime factors of o?
2, 7
Let v = 47 - 29. Suppose -20 = -4*i, d - 3*d - 4*i + v = 0. List the prime factors of ((-7)/7)/(d/17).
17
Suppose 58160 = -759*i + 775*i. List the prime factors of i.
5, 727
Suppose -6*s + 3*s = 5*z - 10, 0 = -5*s - z + 24. Let h = 71 - 23. Suppose -2*r = -5*r - 3*m + h, -s*r - 3*m + 70 = 0. List the prime factors of r.
11
Suppose -14*l + 4850 = -4*l. Suppose -2*q = -4, 4*x - 7*x + 2*q = -l. List the prime factors of x.
163
Suppose -3*q + 2*d = -456, 3*q = q + 2*d + 302. Suppose 0 = q*f - 152*f - 452. List the prime factors of f.
2, 113
Let f(r) = -10*r - 85. Let c be f(-8). Let x(w) = -42*w + 68. List the prime factors of x(c).
2, 139
Suppose -3*n + 10*l + 2907 = 8*l, 0 = n - 2*l - 973. List the prime factors of n.
967
Let x = -88 - -188. Let t = 46 - x. Let a = t + 78. What are the prime factors of a?
2, 3
Let m = 1059 - -121. What are the prime factors of m?
2, 5, 59
What are the prime factors of (-641)/(-4) + 5*15/100?
7, 23
Let o be ((-10)/(-3))/((-2)/(-9)). Suppose 4*a = -6 - 38. Let p = o + a. What are the prime factors of p?
2
Let f = 1229 - 788. What are the prime factors of f?
3, 7
Let n(k) = 37*k - 6. Let z(q) = 2*q - 1. Let d(w) = n(w) - 4*z(w). Suppose 0*a - 3*a + 6 = 0. List the prime factors of d(a).
2, 7
Let u(g) = -25*g - 2*g**3 + 7 + 3*g**3 - 7*g**2 - 2. What are the prime factors of u(10)?
5, 11
Let z(y) = -12*y - 9. Let c be z(-6). Let f = -105 + c. List the prime factors of (9/(-2))/(f/392).
2, 3, 7
Let t be (-15 + 57)/(2/120). Suppose t = 4*u + 3*u. Suppose -5*i = 2*m + 3*m - u, m - 5*i = 90. List the prime factors of m.
3, 5
Suppose -464*g = -473*g + 11916. List the prime factors of g.
2, 331
Let i be (-2*1)/(3 + (-130)/44). Let o = i - -132. List the prime factors of o.
2, 11
List the prime factors of (9 - (-125504)/88) + 2/(-11).
5, 7, 41
Let p(q) = q**3 + 12*q**2 + 8*q + 9. Suppose 5*y - 3*y = -18. Let d be p(y). Suppose 0 = 5*f + f - d. List the prime factors of f.
2, 3, 5
Suppose -4*i - r = -2*i - 25, -4*r = 4*i - 60. Suppose 0 = -b + i + 6. Suppose -b = -w + 18. List the prime factors of w.
2, 17
List the prime factors of (-32)/(-80) + (21812/20 - -2).
1093
Let o = 57 + -54. List the prime factors of 4/o*(-165)/(-2).
2, 5, 11
Let z be (74/(-3) - (-12)/18)*-1. What are the prime factors of (2 + -4 + -3)/((-8)/z)?
3, 5
Let t = 914 - 398. What are the prime factors of t?
2, 3, 43
Let b(c) = -c**3 + 13*c**2 + c - 13. Let o be b(14). List the prime factors of 48/(-32) + o/(-2).
2, 3
Suppose -b = -3 - 0. Suppose -b = x + 1. What are the prime factors of 6/x + 693/22?
2, 3, 5
Suppose 0*f + 3*f + 18 = 0. Let b be f/(-3)*(-5)/(-2). Suppose -42 = a - 3*a - 3*i, b*a - 131 = -i. List the prime factors of a.
3
Let t = -3081 - -5942. What are the prime factors of t?
2861
Let z(m) = 4*m**3 + 2*m**2 - 45*m + 205. What are the prime factors of z(5)?
2, 5, 53
Let l(y) = 24*y**2 - 15*y - 199. List the prime factors of l(-10).
2351
Suppose 9 = 2*p - 7. Let t be (p - 1) + (-1 - 3). What are the prime factors of 2/t + (-13)/(-3)?
5
Let g = 4412 + -2216. What are the prime factors of g?
2, 3, 61
Let y = -50 + -48. Let p = y - -178. List the prime factors of p.
2, 5
Let l(t) = 579*t**2 - 8*t + 35. What are the prime factors of l(3)?
2, 7, 373
Let c(i) = 4*i - 5. Let h be c(5). Suppose 0*k = 3*k - h. Suppose 86 + 24 = k*s. List the prime factors of s.
2, 11
Let v be ((-12)/(-7) + -2)/((-2)/14). List the prime factors of (-3)/v*1*-116*1.
2, 3, 29
Suppose 3*f - 126 = -3*k, 28 + 209 = 5*k - 4*f. Let t be k + -2*(-1)/2. Suppose -3*x = -t - 26. List the prime factors of x.
2, 3
Suppose 11*d - 15320 = 21640. List the prime factors of d.
2, 3, 5, 7
Let i be (175/(-5) - -5) + -1 + -2. What are the prime factors of 3 + (-6837)/(-33) + 6/i?
2, 3, 5, 7
Let a be (0 - -1)*(34 + 1). Suppose -2*p + 97 - a = 0. What are